*g**3 - 5*g**2 - 1 + 2*g**3. Calculate h(z).
-7
Let i(j) = j**3 + 7*j**2 - 8*j + 2. Let q be i(-8). Suppose -4*d + d - 11 = 2*p, 0 = q*d - 2*p + 14. Let x(g) = 2*g + 4. Determine x(d).
-6
Let h(w) be the second derivative of -w**4/12 + 2*w**3/3 - 5*w**2/2 + 2*w. What is h(4)?
-5
Let n(g) = 5*g + 7. Let v be 2/(-5) - (-64)/10. Let s(l) = l + 1. Let z(f) = v*s(f) - n(f). What is z(-3)?
-4
Let v(k) = 2 + 1 - k**2 + 2*k**2 - 3*k. Let l(h) = h**3 + 11*h**2 + 11*h + 14. Let p be l(-10). Suppose -2*r = i - 1, -p*r + 1 = 5*i - 10. Give v(i).
3
Let p(j) = -5*j - 1. Let t = 51 + -52. Determine p(t).
4
Let k(j) = j**3 + 4*j**2 - 5*j + 3. Let c = 4 - 9. Let x be k(c). Let z(u) = -5*u**2 - 2 + u**x - u**3 - u + u**3 + 4*u. Give z(4).
-6
Suppose -6 - 10 = 4*v. Let b(w) = -w**2 - 6*w - 1. Calculate b(v).
7
Let n be 0 - (9/(-3) + 3). Let i(g) = g**3 + 1. Let j be i(n). Let v(k) = 8*k**3 - 2*k**2 + 2*k - 1. Give v(j).
7
Let f be 6/(-4)*40/(-12). Suppose -1 = -f*m + z + 21, -4*m + 26 = 2*z. Let o(p) = -p + 6. Determine o(m).
1
Let y be ((-96)/8)/(2/(-2)). Let m = y + -8. Let u(n) = n**2 - n - 3. What is u(m)?
9
Let v(p) = -3*p**3 - 93 - 6*p + 4*p + p**2 + 4*p**3 + 90. Let q = -3 + 1. Determine v(q).
-3
Let s(p) = p**3 + 4*p**2 - 2*p - 1. Let a(o) = o + 6. Let h be a(5). Let g(w) = -5*w**3 - 21*w**2 + 11*w + 5. Let b(v) = h*s(v) + 2*g(v). Give b(1).
2
Let l = -2 + -9. Let u(a) = 8*a + 6. Let t(n) = 23*n + 17. Let q(c) = l*u(c) + 4*t(c). Calculate q(-2).
-6
Let p(r) = r. Let u be p(0). Let x(s) = s**3 + s**2 + s + 12. Let d be x(u). Let v = d - 17. Let t(j) = -j - 2. Calculate t(v).
3
Let i(y) be the first derivative of 9 + 4*y**2 + 2*y - 1/3*y**3. Determine i(7).
9
Let j(y) = -y**3 - 4*y**2 - 2*y + 1. Let t(g) = 2*g + 1. Let d be t(2). Let s(c) = -c**2 + 5*c + 2. Let w be s(d). Let a be w/(2*2/(-8)). Calculate j(a).
9
Let z = -6 - -10. Let v(d) = d**3 + 1. Let m(p) = -7*p**3 + 4*p**2 + 3*p - 9. Let i(w) = m(w) + 6*v(w). What is i(z)?
9
Let y be 3 + (-23)/16*2. Let z(r) be the third derivative of -1/60*r**5 + 2*r**2 + 0*r - y*r**4 + 2/3*r**3 + 0. Calculate z(-5).
-6
Let b(v) = 11*v - 4. Let a(t) = -5*t + 2. Let y(w) = 9*a(w) + 4*b(w). Calculate y(3).
-1
Let z(d) = 0*d - 6*d**2 + 10*d**2 - d + 14*d**2. Calculate z(1).
17
Let u(l) = -2*l**2 - 9*l + 2. Let d be u(-5). Let h(c) = c**3 + 2*c**2 + c - 2. Calculate h(d).
-14
Let q(w) = -1. Let v(c) = -2*c - 3. Let f(t) = -2*t**3 + 2*t**2 + 2*t - 2. Let u be f(2). Let g(x) = u*q(x) + v(x). Determine g(2).
-1
Let z = 2 - 2. Suppose -6 + z = -3*x. Let g(d) = d**2 - 2*d. Let u(m) = 2*m. Let y(r) = -3*g(r) - 2*u(r). Calculate y(x).
-8
Let j(w) = w**3 - 4*w**2 + 2*w + 1. Let u be j(2). Let f = 6 + u. Let o(q) = 1 - q**2 + 2*q - f - q. Calculate o(0).
-2
Let g(i) = -13*i**3 + 13*i**2 + 3. Let x(p) = -7*p**3 + 7*p**2 + 1. Let u(s) = 6*g(s) - 11*x(s). Suppose 0 = -c + 5*d, 2*c + 3*c + d = 0. Determine u(c).
7
Let p(u) = 1 + 0*u**2 + 2*u**2 + 2*u + 0. Let j be 5/((-10)/(-4)) - -3. Suppose -1 = -4*l + j*l. Calculate p(l).
1
Let b(q) = q**2 - q + 1. Let w(d) = 3*d**2 + 6*d - 5. Let k(a) = 6*b(a) + w(a). Give k(1).
10
Let g(k) = -3*k - 1. Suppose -u + 13 + 1 = z, 3*u - 54 = z. Let q = u + -13. Give g(q).
-13
Let j = -2 + 4. Let x(t) = 0 - 2*t + t**2 + 7*t - j*t - 2. Suppose 5*f = -5, 15 - 1 = -5*m + f. Determine x(m).
-2
Let g be (1*(3 - 3))/(-1). Let c(x) = x**2 - 5. Give c(g).
-5
Let f(y) = y + 1. Let w(z) = z + 4. Let k(v) = 3*v + 12. Let h be 16/6 - 8/12. Let j(m) = h*k(m) - 7*w(m). Let p be j(0). Determine f(p).
-3
Let m(g) = g**3 + 6*g**2 + 7*g + 4. Let d(c) = c**3 - 6*c**2 - 8*c + 1. Let t be d(7). Let p = 2 + t. Determine m(p).
8
Let b(x) = 6*x - x**2 + x + 5 - 7*x. Let h = -2 - -6. Calculate b(h).
-11
Let z(f) = 1. Let t(w) = -5*w**2 + 8*w + 1. Let y(o) = 2*o**2 - 3*o. Let p(d) = -3*t(d) - 8*y(d). Let h(q) = -p(q) + z(q). Determine h(0).
4
Let z = -1013/840 + 17/14. Let n(q) be the third derivative of -z*q**6 + 1/60*q**5 + 0 + 1/24*q**4 + 2/3*q**3 + 0*q + 2*q**2. Determine n(0).
4
Let x(s) = s**2 - 4*s - 4. Suppose -t = -4, l = -0*t + t + 1. Determine x(l).
1
Suppose -12 = -n + 3*l, -2*n + n - l + 32 = 0. Suppose 2 = -5*s + n. Let f(b) = 0*b - 5*b - 1 + 0 + b**2. Calculate f(s).
-1
Let t(r) be the third derivative of -r**5/60 - r**4/6 - 2*r**3/3 - 23*r**2. What is t(-4)?
-4
Let z(n) = -n**3 + 7*n**2 + 3*n - 1. Let p(k) = -k**2 - k. Let x = 29 + -3. Let w be x/(-7) + (-4)/14. Let b(v) = w*p(v) - z(v). What is b(3)?
4
Let w(p) = 2*p + 4. Let s(m) = 6*m + 12. Let r(h) = -5*s(h) + 16*w(h). Give r(4).
12
Let x(j) = 7*j**3 - 5*j**2 + 4*j + 8. Let s(d) = d**3 - d**2 + d + 1. Let m = 1 - 2. Let p(q) = m*x(q) + 6*s(q). Determine p(2).
-10
Suppose -8*f = -11*f - 12. Let x(k) = k**2 + 2*k - 3. Calculate x(f).
5
Let o(x) = x. Let f = 20 - 21. Determine o(f).
-1
Let d(y) be the first derivative of -2*y**2 - y + 19. Suppose -4 = -g - 6. Let a = g - -1. What is d(a)?
3
Let i(p) = -10*p**2 + 17*p - 18. Let r(y) = 7*y**2 - 11*y + 12. Let c(a) = 5*i(a) + 7*r(a). Determine c(6).
6
Let l(j) = 3*j**2 + 2*j - 1. Suppose -1 - 1 = -2*y + 4*s, 0 = -3*y + 3*s + 3. Determine l(y).
4
Let r(t) be the first derivative of t**3/6 + t**2 + 4*t + 8. Let n(y) be the first derivative of r(y). Give n(-4).
-2
Let f(a) be the second derivative of 5*a + 1/6*a**4 + 0 - a**2 + 0*a**3. Calculate f(-2).
6
Let u(s) = -s + 1. Let h be (34/(-4))/(6/(-12)). Let w = 9 - h. Let k = 10 + w. What is u(k)?
-1
Let r(l) = 4*l**2 - 1. Let z be r(-1). Let b(c) = c**2 - c + 4. Calculate b(z).
10
Let s(l) = 5*l**2 - l**2 + 6*l - 2*l**2. Suppose -3*k + 0 = -9. Suppose y = -o - k*y + 12, 2*o = 3*y - 20. Determine s(o).
8
Let l(y) = 10*y - 4. Let c = -138 + 141. Give l(c).
26
Let v(p) = -2*p**3 - 3*p**2 - 6*p - 2*p**2 + p + 3*p**3. Let k be v(6). Let y(l) = 6 + l**2 - k + 6*l. Calculate y(-5).
-5
Let n(r) = -10*r**2 + 1. Let b = -38 + 37. Determine n(b).
-9
Let j(n) = -n**2 + 2*n + 1. Let k(u) = -u. Let h(c) = -2*j(c) - 5*k(c). Suppose r = -5*p, 3*p - 2*r = -r. Suppose -8 = -p*s + 4*s. Determine h(s).
4
Let b(i) = 3*i**2 - 3 + 3 + 12 - i**3 - 6*i**3. Let q(y) = 4*y**3 - 2*y**2 - 6. Let p(m) = -3*b(m) - 5*q(m). Calculate p(0).
-6
Let g(l) be the second derivative of 3*l**5/4 + l**4/12 + l**3/6 + 63*l. Let o = 1 + -2. Calculate g(o).
-15
Let g(q) = -1 + 4 - 5 - q. Let o be g(-3). Let y(c) = 29*c**2 - 10*c - 6. Let n(m) = -6*m**2 + 2*m + 1. Let z(t) = -11*n(t) - 2*y(t). Determine z(o).
7
Let l(w) = -w**2 + w + 1. Suppose -7*h + 2*h + 15 = 0. Let z be 6*(h - -1)/8. What is l(z)?
-5
Let a be 4/(-3 - -1) + 4. Let d = 6 - a. Let s(p) = -2*p**2 + 17*p + 1. Let l(i) = i**2 - 8*i. Let x(q) = 7*l(q) + 3*s(q). Give x(d).
-1
Suppose 3*i + 4*k - 6 = 0, 5*i - 4*k = -2*k + 10. Suppose -s - 4 = -i*h, 3*s + 2*s - h = 16. Let u(v) = 3*v - 6. Calculate u(s).
6
Suppose -m - 3*z - 16 = 0, z + 7 = -4*m + 2*m. Let r(p) be the first derivative of 3*p**2 + p + 1. Calculate r(m).
-5
Let d(n) = -n**2 - 10*n - 4. Let y(v) = -7*v**3 + 2*v**2 - 1. Let i be y(1). Give d(i).
20
Let b(g) = 7*g**3 + 11*g**2 - 21*g + 20. Let z(a) = 3*a**3 + 6*a**2 - 10*a + 10. Let c(d) = 2*b(d) - 5*z(d). Calculate c(-9).
-1
Let d(l) = l + 0*l - 2*l**3 - 2*l + 7*l**3. Give d(-1).
-4
Let d(n) = 11 - 44 + n**3 + 23 + n. Determine d(0).
-10
Let x(y) = y - 2. Let v be 1/(-2) + 18/4. Let r be 3 - v/6*3. Determine x(r).
-1
Suppose 2*t + 2*t = 2*t. Let z(l) = -l - 8. Calculate z(t).
-8
Let v be (-1)/1*1*-3. Let a(l) = l**v + 2*l**2 - 5*l + 2*l**2 + 0*l**2 - 6. Give a(-5).
-6
Let h = 9 - 7. Let z(r) = 2*r**3 - 2*r**2 - 2. Calculate z(h).
6
Let p(k) be the first derivative of 5 + k - 1/2*k**2. Give p(3).
-2
Let r(i) = 10*i + 3. Let n be 15/(-6) - 2/(-4). Determine r(n).
-17
Let u(l) = -l + 3. Let o be u(0). Let k be (-1)/o - (-6)/18. Let a be (k - 3) + (-10)/5. Let d(r) = -2*r - 5. Give d(a).
5
Let t(j) = -j**2 + 4*j. Suppose 0 = -5*s + 8*s - 9. Give t(s).
3
Suppose -4*r + 2 + 0 = -2*h, -4*h = -4*r - 8. Let u(n) = 3*n**2 + 8*n + 3. Let a(i) = -4*i**2 - 9*i - 3. Let c(o) = h*u(o) + 4*a(o). Give c(3).
6
Let c = -5699/20 + 285. Let g(q) be the second derivative of -2/3*q**3 + q - c*q**5 + 5/12*q**4 - 2*q**2 + 0. Determine g(4).
-4
Let r be (-3 + -1)*(-2 - -1). Let w(v) = v**2 - 6*v + 5. Give w(r).
-3
Let n(m) = 5*m**2 - 2*m + 1. Suppose 20 = -5